by 43?
36
What is the remainder when 3887 is divided by 27?
26
Calculate the remainder when 3904 is divided by 975.
4
Calculate the remainder when 305 is divided by 23.
6
Calculate the remainder when 410 is divided by 30.
20
Calculate the remainder when 125 is divided by 61.
3
Calculate the remainder when 75 is divided by 7.
5
What is the remainder when 2879 is divided by 40?
39
What is the remainder when 347 is divided by 87?
86
Calculate the remainder when 1570 is divided by 232.
178
What is the remainder when 174 is divided by 62?
50
What is the remainder when 1147 is divided by 35?
27
Calculate the remainder when 1037 is divided by 241.
73
Calculate the remainder when 98 is divided by 26.
20
Calculate the remainder when 6653 is divided by 256.
253
What is the remainder when 227 is divided by 46?
43
What is the remainder when 1409 is divided by 101?
96
What is the remainder when 291 is divided by 103?
85
Calculate the remainder when 1215 is divided by 14.
11
What is the remainder when 211 is divided by 62?
25
Calculate the remainder when 6392 is divided by 164.
160
What is the remainder when 641 is divided by 23?
20
What is the remainder when 3184 is divided by 177?
175
Calculate the remainder when 78 is divided by 1.
0
What is the remainder when 168 is divided by 22?
14
What is the remainder when 139 is divided by 135?
4
Calculate the remainder when 272 is divided by 50.
22
Calculate the remainder when 234 is divided by 171.
63
What is the remainder when 195 is divided by 107?
88
What is the remainder when 113 is divided by 18?
5
Calculate the remainder when 2115 is divided by 33.
3
Calculate the remainder when 173 is divided by 52.
17
Calculate the remainder when 1197 is divided by 25.
22
Calculate the remainder when 2627 is divided by 261.
17
What is the remainder when 899 is divided by 19?
6
What is the remainder when 509 is divided by 88?
69
Calculate the remainder when 876 is divided by 80.
76
Calculate the remainder when 128 is divided by 98.
30
Calculate the remainder when 645 is divided by 5.
0
Calculate the remainder when 50 is divided by 17.
16
What is the remainder when 2149 is divided by 715?
4
Calculate the remainder when 108 is divided by 23.
16
Calculate the remainder when 611 is divided by 278.
55
What is the remainder when 1289 is divided by 76?
73
Calculate the remainder when 223 is divided by 45.
43
Calculate the remainder when 1535 is divided by 32.
31
What is the remainder when 1810 is divided by 368?
338
Calculate the remainder when 804 is divided by 133.
6
Calculate the remainder when 180 is divided by 85.
10
What is the remainder when 246 is divided by 84?
78
What is the remainder when 20591 is divided by 39?
38
Calculate the remainder when 14555 is divided by 211.
207
Calculate the remainder when 45 is divided by 19.
7
Calculate the remainder when 263 is divided by 4.
3
Calculate the remainder when 1410 is divided by 3.
0
What is the remainder when 773 is divided by 15?
8
Calculate the remainder when 3796 is divided by 19.
15
Calculate the remainder when 1441 is divided by 48.
1
Calculate the remainder when 546 is divided by 24.
18
What is the remainder when 382 is divided by 114?
40
What is the remainder when 887 is divided by 416?
55
What is the remainder when 263 is divided by 27?
20
Calculate the remainder when 852 is divided by 173.
160
What is the remainder when 60 is divided by 38?
22
What is the remainder when 2367 is divided by 23?
21
What is the remainder when 1426 is divided by 68?
66
Calculate the remainder when 158 is divided by 86.
72
What is the remainder when 1067 is divided by 266?
3
What is the remainder when 1705 is divided by 14?
11
What is the remainder when 1005 is divided by 304?
93
Calculate the remainder when 1941 is divided by 8.
5
What is the remainder when 409 is divided by 45?
4
What is the remainder when 1102 is divided by 40?
22
Calculate the remainder when 705 is divided by 20.
5
What is the remainder when 9 is divided by 2?
1
What is the remainder when 93 is divided by 8?
5
Calculate the remainder when 658 is divided by 133.
126
What is the remainder when 1429 is divided by 110?
109
Calculate the remainder when 137 is divided by 17.
1
Calculate the remainder when 2535 is divided by 231.
225
What is the remainder when 182 is divided by 31?
27
What is the remainder when 700 is divided by 185?
145
Calculate the remainder when 956 is divided by 118.
12
Calculate the remainder when 57 is divided by 31.
26
What is the remainder when 240 is divided by 120?
0
What is the remainder when 301 is divided by 38?
35
Calculate the remainder when 204 is divided by 90.
24
What is the remainder when 272 is divided by 55?
52
What is the remainder when 51 is divided by 15?
6
What is the remainder when 783 is divided by 31?
8
Calculate the remainder when 3506 is divided by 64.
50
What is the remainder when 145 is divided by 52?
41
What is the remainder when 70 is divided by 18?
16
Calculate the remainder when 2684 is divided by 64.
60
Calculate the remainder when 18 is divided by 8.
2
What is the remainder when 68 is divided by 35?
33
Calculate the remainder when 219 is divided by 20.
19
What is the remainder when 191 is divided by 48?
47
Calculate the remainder when 2070 is divided by 233.
206
Calculate the remainder when 108 is divided by 76.
32
Calculate the remainder when 6808 is divided by 131.
127
What is the remainder when 45525 is divided by 34?
33
Calculate the remainder when 84 is divided by 36.
12
What is the remainder when 2185 is divided by 169?
157
What is the remainder when 4481 is divided by 223?
21
What is the remainder when 5883 is divided by 29?
25
Calculate the remainder when 2933 is divided by 127.
12
Calculate the remainder when 19640 is divided by 161.
159
Calculate the remainder when 178 is divided by 14.
10
Calculate the remainder when 1438 is divided by 36.
34
What is the remainder when 103 is divided by 13?
12
Calculate the remainder when 7734 is divided by 7724.
10
Calculate the remainder when 843 is divided by 6.
3
What is the remainder when 253 is divided by 61?
9
What is the remainder when 1097 is divided by 362?
11
What is the remainder when 507 is divided by 67?
38
Calculate the remainder when 194 is divided by 85.
24
What is the remainder when 1171 is divided by 47?
43
What is the remainder when 746 is divided by 34?
32
What is the remainder when 2205 is divided by 130?
125
What is the remainder when 2115 is divided by 41?
24
Calculate the remainder when 489 is divided by 102.
81
Calculate the remainder when 890 is divided by 99.
98
What is the remainder when 10 is divided by 1?
0
Calculate the remainder when 203 is divided by 56.
35
What is the remainder when 22898 is divided by 33?
29
Calculate the remainder when 18198 is divided by 3.
0
What is the remainder when 55437 is divided by 315?
312
Calculate the remainder when 933 is divided by 465.
3
Calculate the remainder when 2321 is divided by 194.
187
Calculate the remainder when 81 is divided by 22.
15
Calculate the remainder when 100 is divided by 59.
41
What is the remainder when 12553 is divided by 23?
18
Calculate the remainder when 1472 is divided by 731.
10
What is the remainder when 249 is divided by 34?
11
Calculate the remainder when 93 is divided by 17.
8
Calculate the remainder when 4883 is divided by 21.
11
What is the remainder when 118 is divided by 24?
22
What is the remainder when 622 is divided by 52?
50
Calculate the remainder when 5877 is divided by 120.
117
Calculate the remainder when 865 is divided by 14.
11
What is the remainder when 753 is divided by 83?
6
What is the remainder when 584 is divided by 119?
108
What is the remainder when 318 is divided by 80?
78
What is the remainder when 58 is divided by 17?
7
Calculate the remainder when 36 is divided by 8.
4
Calculate the remainder when 152 is divided by 45.
17
What is the remainder when 7084 is divided by 1769?
8
What is the remainder when 98 is divided by 26?
20
Calculate the remainder when 62 is divided by 44.
18
Calculate the remainder when 330 is divided by 61.
25
What is the remainder when 103 is divided by 13?
12
Calculate the remainder when 254 is divided by 88.
78
What is the remainder when 129 is divided by 58?
13
Calculate the